common factor of 3397 and 395?
79
What is the highest common divisor of 42 and 7014?
42
What is the highest common factor of 29781 and 27?
27
Calculate the highest common factor of 122 and 3477.
61
What is the highest common factor of 1116 and 756?
36
What is the greatest common factor of 92 and 28?
4
Calculate the greatest common factor of 42 and 203.
7
What is the greatest common factor of 1020 and 60?
60
Calculate the greatest common factor of 4654 and 8.
2
Calculate the highest common factor of 455 and 5551.
91
What is the greatest common divisor of 18 and 120?
6
What is the greatest common divisor of 43 and 20253?
43
Calculate the highest common factor of 2471 and 35.
7
Calculate the greatest common factor of 141 and 47.
47
What is the highest common factor of 15 and 495?
15
Calculate the greatest common divisor of 8 and 122.
2
What is the greatest common factor of 55 and 11?
11
What is the highest common factor of 2 and 1238?
2
Calculate the highest common divisor of 84 and 41244.
84
What is the greatest common divisor of 16220 and 8?
4
Calculate the greatest common divisor of 612 and 72.
36
Calculate the highest common divisor of 110 and 5.
5
Calculate the highest common divisor of 9 and 12843.
9
Calculate the greatest common factor of 625 and 1000.
125
What is the greatest common divisor of 171 and 135?
9
Calculate the highest common factor of 880 and 80.
80
Calculate the greatest common divisor of 66 and 4004.
22
What is the greatest common divisor of 78 and 2379?
39
Calculate the greatest common factor of 3 and 339.
3
Calculate the greatest common divisor of 24 and 24.
24
Calculate the greatest common factor of 20 and 302.
2
What is the greatest common factor of 2070 and 1170?
90
Calculate the highest common factor of 962 and 8732.
74
Calculate the highest common divisor of 493 and 29.
29
What is the greatest common factor of 60 and 885?
15
Calculate the highest common divisor of 124 and 31.
31
Calculate the highest common divisor of 21 and 9.
3
What is the greatest common divisor of 672 and 4512?
96
Calculate the highest common factor of 156 and 260.
52
What is the greatest common factor of 96 and 112?
16
Calculate the greatest common divisor of 42 and 12.
6
What is the highest common factor of 4186 and 52?
26
What is the highest common factor of 309 and 103?
103
Calculate the greatest common divisor of 1235 and 845.
65
What is the highest common factor of 405 and 10?
5
Calculate the highest common divisor of 75 and 5850.
75
Calculate the greatest common divisor of 196 and 18.
2
Calculate the greatest common factor of 884 and 136.
68
Calculate the highest common factor of 7441 and 7.
7
What is the highest common factor of 255 and 2975?
85
Calculate the highest common divisor of 1875 and 1800.
75
Calculate the highest common divisor of 513 and 114.
57
What is the greatest common factor of 292 and 511?
73
What is the greatest common factor of 1 and 32?
1
What is the highest common divisor of 32 and 12176?
16
What is the greatest common factor of 185 and 4995?
185
What is the greatest common divisor of 3 and 303?
3
Calculate the highest common factor of 20 and 12450.
10
What is the greatest common factor of 960 and 4?
4
Calculate the highest common factor of 22 and 2486.
22
What is the highest common divisor of 3795 and 33?
33
Calculate the greatest common factor of 351 and 234.
117
Calculate the greatest common factor of 65 and 20.
5
Calculate the highest common factor of 387 and 86.
43
What is the greatest common factor of 113 and 565?
113
What is the greatest common factor of 52 and 468?
52
Calculate the highest common divisor of 78 and 18.
6
What is the highest common divisor of 765 and 1955?
85
What is the greatest common factor of 30 and 70?
10
Calculate the highest common factor of 32 and 184.
8
Calculate the greatest common factor of 22 and 94.
2
Calculate the greatest common factor of 2 and 565.
1
Calculate the greatest common factor of 87 and 8787.
87
Calculate the greatest common divisor of 54 and 72.
18
What is the greatest common factor of 368 and 483?
23
Calculate the greatest common factor of 5 and 965.
5
Calculate the greatest common factor of 34 and 1666.
34
What is the highest common factor of 20 and 20?
20
What is the greatest common divisor of 18285 and 530?
265
Calculate the highest common factor of 14 and 58.
2
Calculate the greatest common factor of 846 and 24.
6
What is the highest common divisor of 136 and 15368?
136
Calculate the highest common divisor of 200 and 125.
25
Calculate the greatest common factor of 2500 and 100.
100
Calculate the greatest common factor of 103 and 2.
1
What is the highest common divisor of 438 and 1971?
219
Calculate the greatest common factor of 13430 and 170.
170
What is the greatest common divisor of 35 and 20965?
35
Calculate the greatest common factor of 8633 and 194.
97
Calculate the highest common divisor of 980 and 80.
20
What is the greatest common factor of 126 and 238?
14
Calculate the greatest common divisor of 9 and 15.
3
Calculate the highest common divisor of 294 and 4802.
98
Calculate the greatest common divisor of 212 and 20.
4
What is the highest common factor of 2065 and 14?
7
Calculate the highest common factor of 9 and 72.
9
What is the highest common divisor of 640 and 720?
80
What is the highest common factor of 60 and 72?
12
What is the greatest common divisor of 10 and 530?
10
What is the highest common divisor of 3781 and 19?
19
What is the greatest common factor of 6 and 64?
2
What is the highest common divisor of 15 and 4425?
15
What is the greatest common divisor of 60 and 1620?
60
Calculate the highest common divisor of 44 and 10.
2
What is the highest common divisor of 1244 and 4?
4
Calculate the highest common divisor of 368 and 8.
8
What is the highest common factor of 27 and 5337?
9
What is the highest common factor of 68 and 10132?
68
What is the highest common divisor of 2871 and 66?
33
Calculate the greatest common divisor of 6 and 417.
3
Calculate the highest common factor of 900 and 9.
9
What is the highest common factor of 80 and 496?
16
Calculate the greatest common divisor of 2553 and 460.
23
What is the highest common divisor of 87 and 291?
3
What is the highest common divisor of 132 and 348?
12
Calculate the greatest common factor of 1052 and 8.
4
What is the highest common factor of 2 and 8?
2
What is the highest common divisor of 469 and 35?
7
Calculate the highest common factor of 261 and 9.
9
Calculate the greatest common factor of 11 and 2453.
11
What is the highest common factor of 54 and 1080?
54
Calculate the greatest common factor of 9399 and 273.
39
Calculate the highest common divisor of 57 and 7961.
19
What is the highest common divisor of 1 and 53?
1
What is the highest common factor of 1905 and 465?
15
Calculate the highest common factor of 15 and 15.
15
Calculate the highest common divisor of 3 and 296.
1
What is the greatest common factor of 6 and 111?
3
What is the highest common divisor of 116336 and 88?
88
Calculate the highest common factor of 432 and 54.
54
Calculate the greatest common divisor of 16 and 496.
16
Calculate the highest common factor of 110 and 3.
1
What is the greatest common factor of 7 and 20097?
7
Calculate the greatest common divisor of 8759 and 19.
19
Calculate the greatest common divisor of 3110 and 50.
10
Calculate the greatest common factor of 495 and 360.
45
What is the highest common factor of 4048 and 759?
253
What is the greatest common divisor of 225 and 255?
15
What is the highest common factor of 4 and 9?
1
What is the highest common divisor of 44 and 121?
11
Calculate the highest common factor of 178 and 267.
89
What is the greatest common divisor of 344 and 8?
8
Calculate the greatest common factor of 5 and 2005.
5
What is the greatest common factor of 4002 and 6?
6
What is the highest common factor of 68 and 43656?
68
What is the highest common divisor of 690 and 90?
30
What is the greatest common factor of 416 and 130?
26
What is the highest common factor of 2886 and 444?
222
What is the greatest common divisor of 216 and 16?
8
Calculate the highest common factor of 10 and 830.
10
What is the greatest common divisor of 68 and 4?
4
What is the highest common factor of 48 and 744?
2